 94 = -4*i - 2*d, 20 = i + 4*d. Calculate the highest common factor of i and 64.
8
Let k be (3*1)/((-7)/147*-7). What is the greatest common factor of k and 1?
1
Suppose 0*c = -2*c - 2*p + 28, 2*c - 33 = -3*p. Let j = 32 + -23. What is the greatest common divisor of c and j?
9
Let j = 41 - 89. Let r be 1/(-3) - j/9. Suppose 3*m - 2*b - 24 = 0, -r*b - 21 = -m - 0. What is the highest common divisor of m and 18?
6
Suppose 4*b - 30 = 4*p - 10, -3*p + 1 = 5*b. Let y be 3/9 + (-1)/3. Let j be 0 - (y/b + -12). Calculate the greatest common factor of j and 8.
4
Let i be (-4)/6 - 87/(-9). Let k(v) = -v**2 + 5*v - 4. Let y be k(3). Suppose 3*s = 7 + y. What is the greatest common divisor of i and s?
3
Let t(m) = m**3 + 8*m**2 + 6*m - 2. Let j be t(-7). Suppose -j = -4*a + 19. Let y = 3 - -3. Calculate the greatest common factor of y and a.
6
Suppose 20 = 5*n, -n - 4*n - 100 = -5*u. Suppose 0 = q + 5*x + 22, 4*q + 4*x - 7 = 3*x. Calculate the greatest common divisor of q and u.
3
Let z(c) = 5*c**2 - 2*c - 7. Let i be z(-6). Calculate the highest common divisor of 74 and i.
37
Suppose -2*y = -2*p - 40, 3*y + p - 68 = 6*p. Calculate the greatest common factor of y and 176.
16
Suppose 4*u - 8 = l, 0 = -2*u - 2*l + 4*l + 4. Suppose 3*b + x + x = -1, u*x = -4*b + 2. Calculate the highest common factor of 27 and b.
3
Let z(f) = -114*f. Let a be z(1). Let w = 169 + a. Let k = -39 - -61. Calculate the highest common divisor of w and k.
11
Let u be ((-1)/(-3))/(1/3). Let y be 126/4 - u/(-2). Let x(r) = 6*r**2 + 3*r - 4. Let f be x(-4). What is the highest common divisor of f and y?
16
Let v(l) = l**3 + 6*l**2 - 4*l - 10. Let i be v(-6). Suppose 174 = f - 7*u + 2*u, -2*f - 2*u = -300. Calculate the highest common divisor of f and i.
14
Let x = -1 - -5. Suppose -16 = -8*y + x*y. Calculate the highest common factor of y and 20.
4
Let b be (2/3)/((-12)/(-54)). Suppose -131 = -2*y - 0*y - b*v, -v = -3*y + 213. Calculate the greatest common factor of y and 28.
14
Let l be (-184 - 2)*(0 - 1). Suppose -l - 174 = -5*j. Suppose 3*r = 4*q + r - 36, 5*r + 26 = 2*q. What is the greatest common factor of q and j?
8
Let v(j) = -j**2 + 10*j - 1. Let u be v(5). Suppose 7*b + 160 = -260. Let p = 0 - b. What is the greatest common factor of p and u?
12
Suppose 0 = -3*d + d + 10. Suppose -4*n + 80 = 4*o, d*o = -0*n - n + 28. Calculate the highest common factor of n and 72.
18
Suppose -2*r - 161 = -481. What is the highest common divisor of r and 64?
32
Let z be (-5 - -4 - -2)*78. What is the greatest common factor of z and 117?
39
Let o be (-4)/14 - (452/(-14) - -5). Calculate the greatest common divisor of 3 and o.
3
Suppose -w - o = -194, o + 0 = -4. Let z be ((-33)/2)/((-39)/52). What is the greatest common divisor of w and z?
22
Suppose 12 + 20 = h. What is the highest common factor of 160 and h?
32
Let l be 7/7*(-49)/(-1). What is the highest common divisor of 7 and l?
7
Suppose 2*u = -3*u + 15. Let v be 0 + 0 - (u - 83). What is the greatest common divisor of 20 and v?
20
Suppose 0*u - 175 = -7*u. What is the greatest common factor of u and 175?
25
Suppose -6*q + 3*q - 5 = -w, w = 5*q + 9. Let u be 2/4 - 5/q. Calculate the greatest common factor of u and 24.
3
Let m(k) = -2*k**2 + 50*k - 29. Let z be m(23). What is the greatest common divisor of 7 and z?
7
Let r be (-867)/34*(-4)/(-3). Let d = -1 + 56. Let y = r + d. What is the greatest common divisor of y and 14?
7
Let x be (-1)/(-1)*(160 + -3). Let a = -100 + x. Calculate the greatest common factor of 38 and a.
19
Let j be 6 - (-1 - 0/4). Suppose u - 1 = j. Suppose -104 = -5*c + 216. Calculate the highest common factor of u and c.
8
Suppose -5*a - 3 = -2*g, -3*g + 5*a = g - 31. Let y be ((-5)/10)/((-1)/g). What is the greatest common factor of y and 63?
7
Let n(a) = -7*a + 58. Let q be n(8). Let o = -6 - -8. Calculate the highest common factor of q and o.
2
Let q(n) = 3*n - 11. Let r be q(5). Calculate the highest common factor of 6 and r.
2
Suppose -4 = -5*c + 11. Let s be (4/(-6) + 1)*c. Calculate the greatest common factor of 9 and s.
1
Suppose 0*v - v + 5 = 3*s, 3*v + 4*s = 20. Let j = -38 + 110. Calculate the highest common divisor of v and j.
8
Let w(s) = -s**2 - 8*s + 4. Let n be w(-6). Let f = -111 + 115. What is the greatest common factor of n and f?
4
Suppose 0 = -6*t + 5*t + 22. Suppose -5*s + 3*s + t = 0. Let m = -10 + s. What is the greatest common divisor of 8 and m?
1
Let o(t) = t + 2. Let k be o(1). Suppose 5*y = -20, -k*y = -s - s + 78. What is the highest common factor of s and 66?
33
Let f = -4 + 0. Let u = f - -16. What is the highest common factor of 108 and u?
12
Suppose 0 = -0*w + w - 5*g - 45, -2*w = -4*g - 72. What is the highest common divisor of 18 and w?
6
Suppose -4*z + 0*m + 32 = 2*m, 4*z - 20 = m. Let i be (-4)/z - (-336)/18. What is the highest common factor of i and 27?
9
Let p = -8 - 0. Let f = p - -2. Let d be (f/4 + 1)*-90. Calculate the greatest common factor of 18 and d.
9
Suppose 21 = m - 4*h + 1, -2*m = -h - 12. Suppose 4*x - 176 + 48 = 0. What is the highest common divisor of x and m?
4
Suppose 0 = z - 14 - 30. Let n(g) = -g**2 + 4*g. Let f be n(3). Suppose 6*t - 12 = f*t. What is the highest common divisor of z and t?
4
Let q = 16 + -11. Let f = -7 - -62. What is the greatest common divisor of f and q?
5
Suppose -3*p + 133 = 4*l, 5*p - 228 - 1 = -3*l. Suppose -2*o + p = 5. Let w = -8 - -22. What is the highest common factor of w and o?
7
Let p = -25 + 19. Let x be 30/6 + p/2. Calculate the highest common divisor of 8 and x.
2
Let z(a) = a**2 - 8*a + 3. Let o be z(10). Let b = o - 19. What is the highest common divisor of 32 and b?
4
Let i(o) = o**2 - 5*o. Let s be i(-4). Let p = -16 - -22. Suppose -l + 3*w = -p*l + 65, 4*w = l - s. Calculate the highest common divisor of l and 40.
8
Suppose 4*p - 4*d = 8*p + 12, -5*p = 2*d + 12. Let h be 2 + (p - -3) - 1. Calculate the greatest common factor of 2 and h.
2
Let h(y) = y**3 + 9*y**2 + 12*y + 6. Let u be h(-7). What is the highest common factor of 340 and u?
20
Let w be (-4)/(-8)*(0 + -2). Let y be -5*(w + -1 - -1). Suppose y*b + 11 = 1, 5*b = -2*a + 2. What is the highest common factor of a and 30?
6
Suppose -26 = -3*q + 4. Let z be (-44)/q*5*-9. Let g(o) = 19*o - 1. Let t be g(1). Calculate the greatest common factor of t and z.
18
Let u be 4 + (11 - 1/(-1)). Calculate the highest common divisor of u and 144.
16
Suppose 4*s - 4*h = -0*h + 180, 3*h - 117 = -3*s. What is the highest common factor of s and 63?
21
Let h = -697 + 1198. Suppose 4*p - 5*z - 650 = 0, 4*p + 3*z - h = p. Calculate the highest common factor of 15 and p.
15
Let r = -64 - -129. Let y = 113 + -87. What is the highest common factor of y and r?
13
Suppose -7*x - q = -3*x - 80, -x + 20 = -3*q. Calculate the highest common factor of x and 20.
20
Suppose -28 = -r - 2*m + 57, 205 = 2*r - 3*m. Suppose 2*q = -c - 50, 59 = -3*c - 5*q - 96. Let z = -41 - c. What is the greatest common factor of r and z?
19
Let p be 2078/10 - (-7)/35. Let z be p/12 + (-8)/(-12). What is the highest common factor of 180 and z?
18
Suppose -m + 2*m = -21. Let b = m - -29. What is the highest common divisor of 32 and b?
8
Suppose w = -3*x + 25, -4*x = -16 - 4. Calculate the greatest common factor of 30 and w.
10
Let g = 5 + -1. Let q(l) = l**2 + 9*l - 7. Let j be q(-10). Suppose j - g = 5*n - 4*p, -8 = -2*p. Calculate the highest common factor of n and 24.
3
Let o = 7 + 4. Suppose 3*k - 5*i = 26, -k = -3*k + 4*i + 20. Let b be k/(-5) - 35/(-25). Calculate the highest common factor of b and o.
1
Let t be 5/10*(-1 + (193 - 0)). Suppose -3*c + 32 = -c. What is the greatest common divisor of t and c?
16
Suppose 0 = 3*o - 5*q - 32, 0 = 4*o - 4*q - 20 - 20. What is the greatest common factor of o and 18?
9
Let r = -51 + 34. Let u = -9 - r. Suppose -q - 3*q = -128. What is the highest common divisor of q and u?
8
Let i(s) = 27*s**2 + s - 2. Let l be i(2). What is the greatest common divisor of l and 18?
18
Let p be ((-2)/(32/(-60)))/(1/28). Calculate the highest common divisor of p and 35.
35
Suppose 2*v + 2*k = -2*k + 124, 0 = 2*v - k - 104. Suppose 4*s - 45 = -s. Calculate the greatest common factor of v and s.
9
Suppose -3*f + 5*u + 74 = 0, -15 = -u - 2*u. Suppose 37 + f = 5*w. What is the grea